{"id":43,"date":"2019-10-08T23:21:57","date_gmt":"2019-10-08T23:21:57","guid":{"rendered":"http:\/\/agi-conf.org\/2020\/?page_id=43"},"modified":"2020-06-25T21:20:33","modified_gmt":"2020-06-25T21:20:33","slug":"committees","status":"publish","type":"page","link":"https:\/\/agi-conf.org\/2020\/committees\/","title":{"rendered":"Committees"},"content":{"rendered":"\n<h1 style=\"color: black;\">To  register for free for the virtual AGI-20 conference, now extended to June 22-26, 2020, please submit your email on this <a href=\"https:\/\/docs.google.com\/forms\/d\/e\/1FAIpQLSd8v2ulCand6uU2RU9Q6p4lngTLdBEHg3VlUfLmZpwrdJgABQ\/viewform?vc=0&amp;c=0&amp;w=1\">Google form.<\/a>\n<\/h1>\n<hr>\n<h1 style=\"color: red;\">PLEASE REFER TO THE SCHEDULE PAGE FOR THE LATEST SCHEDULING UPDATES\n<\/h1>\n<hr>\n\n\n\n<p><strong>Conference Chair<\/strong><\/p>\n<ul>\n<li>Ben Goertzel, SingularityNET, OpenCog Foundation &amp; Hanson Robotics<\/li>\n<\/ul>\n\n\n<p><strong>Program Committee Chairs<\/strong><\/p>\n\n\n\n<ul><li>Alexey Potapov, SingularityNET<\/li><li>Aleksandr I. Panov, Moscow Institute of Physics and Technology, Artificial Intelligence Research Institute<\/li><li>Roman Yampolskiy, University of Louisville<\/li><\/ul>\n\n\n\n<p><strong>Organizing Committee<\/strong><\/p>\n\n\n\n<ul><li>Alexey Potapov, SingularityNET<\/li><li>Sergey Shalyapin, SingularityNET<\/li><\/ul>\n\n\n\n<p><strong>Program Committee<\/strong><\/p>\n\n\n\n<ul><li>Joscha Bach, AI Foundation<\/li><li>Jordi Bieger, Reykjavik University<\/li><li>Cristiano Castelfranchi, Institute of Cognitive Sciences and Technologies<\/li><li>Antonio Chella, Dipartimento di Ingegneria Informatica, Universit\u00e0 di Palermo<\/li><li>Arthur Franz, OCCAM<\/li><li>Nil Geisweiller, SingularityNET<\/li><li>Patrick Hammer, Temple University<\/li><li>Jose Hernandez-Orallo, Universitat Politecnica de Valencia<\/li><li>Matthew Ikl\u00e9, SingularityNET<\/li><li>Garret Katz, University of Maryland<\/li><li>Maricarmen Mart\u00ednez, Universidad de los Andes<\/li><li>Amedeo Napoli, LORIA Nancy<\/li><li>Eray \u00d6zkural, G\u00f6k Us Ara\u015ft\u0131rma ve Geli\u015ftirme Ltd.<\/li><li>Maxim Peterson, SingularityNET<\/li><li>Alexey Potapov, SingularityNET<\/li><li>Nico Potyka, Universitaet Osnabrueck, IKW<\/li><li>Paul S. Rosenbloom, University of Southern California<\/li><li>Rafal Rzepka, Hokkaido University<\/li><li>Oleg Scherbakov, SingularityNET<\/li><li>Ute Schmid, Faculty Information Systems and Applied Computer Science, University of Bamberg<\/li><li>Javier Snaider, Google<\/li><li>Bas Steunebrink, IDSIA<\/li><li>Kristinn Th\u00f3risson, Reykjavik University<\/li><li>Julian Togelius, New York University<\/li><li>Volkan Ustun, USC Institute for Creative Technologies<\/li><li>Mario Verdicchio, Universit\u00e0 degli Studi di Bergamo<\/li><li>Pei Wang, Temple University<\/li><li>Roman Yampolskiy, University of Louisville<\/li><li>Byoung-Tak Zhang, Seoul National University, School of Computer Sci. &amp; Eng.<\/li><li>Tarek Richard Besold, Alpha Health AI Lab, Telefonica Innovation Alpha<\/li><li>Arthur Franz, Odessa Competence Center for Artificial Intelligence and Machine Learning (OCCAM)<\/li><li>Matthew Ikl\u00e9, SingularityNET<\/li><li>Peter Isaev, Temple University<\/li><li>Anton Kolonin, Webstructor<\/li><li>Francesco Lanza, Dipartimento di Ingegneria \u2013 Universit\u00e0 degli Studi di Palermo<\/li><li>Xiang Li, Temple Unviersity<\/li><li>Tony Lofthouse, Evolving Solutions<\/li><li>Rafal Rzepka, Hokkaido University<\/li><li>Robert W\u00fcnsche, TU Dresden<\/li><\/ul>\n\n\n\n<p><strong>Steering Committee<\/strong><\/p>\n\n\n\n<ul><li><a href=\"http:\/\/wp.goertzel.org\/\"><strong>Ben Goertzel<\/strong><\/a>, SingularityNET, OpenCog Foundation &amp; Hanson Robotics, Hong Kong (Chair)<\/li><li><a href=\"http:\/\/www.hutter1.net\/\"><strong>Marcus Hutter<\/strong><\/a>, Australian National University, Australia<\/li><\/ul>\n","protected":false},"excerpt":{"rendered":"<p>To register for free for the virtual AGI-20 conference, now extended to June 22-26, 2020, please submit your email on this Google form. PLEASE REFER TO THE SCHEDULE PAGE FOR THE LATEST SCHEDULING UPDATES Conference Chair Ben Goertzel, SingularityNET, OpenCog Foundation &amp; Hanson Robotics Program Committee Chairs Alexey Potapov, SingularityNET Aleksandr I. Panov, Moscow Institute [&hellip;]<\/p>\n","protected":false},"author":1,"featured_media":0,"parent":0,"menu_order":0,"comment_status":"closed","ping_status":"closed","template":"","meta":[],"_links":{"self":[{"href":"https:\/\/agi-conf.org\/2020\/wp-json\/wp\/v2\/pages\/43"}],"collection":[{"href":"https:\/\/agi-conf.org\/2020\/wp-json\/wp\/v2\/pages"}],"about":[{"href":"https:\/\/agi-conf.org\/2020\/wp-json\/wp\/v2\/types\/page"}],"author":[{"embeddable":true,"href":"https:\/\/agi-conf.org\/2020\/wp-json\/wp\/v2\/users\/1"}],"replies":[{"embeddable":true,"href":"https:\/\/agi-conf.org\/2020\/wp-json\/wp\/v2\/comments?post=43"}],"version-history":[{"count":20,"href":"https:\/\/agi-conf.org\/2020\/wp-json\/wp\/v2\/pages\/43\/revisions"}],"predecessor-version":[{"id":495,"href":"https:\/\/agi-conf.org\/2020\/wp-json\/wp\/v2\/pages\/43\/revisions\/495"}],"wp:attachment":[{"href":"https:\/\/agi-conf.org\/2020\/wp-json\/wp\/v2\/media?parent=43"}],"curies":[{"name":"wp","href":"https:\/\/api.w.org\/{rel}","templated":true}]}}